t i be 4/(-4) + (36 - (-4)/(-2)). Calculate the greatest common factor of 44 and i.
11
Let f(i) = -9*i**3 + i**2 + i + 1. Let l be f(-1). Calculate the greatest common factor of l and 70.
10
Let d = -35 - -47. Calculate the highest common divisor of 24 and d.
12
Let m = 3 - 0. Suppose a = m*z - 10, 10 = 4*z - 2*z + a. Calculate the greatest common factor of z and 2.
2
Suppose -2*t + 2 + 4 = 0. Suppose 2*x + 5 = t*x. Calculate the greatest common factor of x and 55.
5
Let k = 4 - -1. Let b = 16 + k. Calculate the greatest common factor of 231 and b.
21
Suppose -k + 6 = 3*k + z, -2*z = 4. Let w(r) = -r**3 + 2*r**2 - r**2 - 2 + k*r**2. Let p be w(2). Calculate the highest common factor of p and 2.
2
Let f = -14 - 7. Let j = -11 - f. Suppose 6*y - y - 200 = 0. Calculate the highest common divisor of y and j.
10
Suppose 6 = -4*f + 2. Let r(j) = -11*j. Let g be r(f). Let a(x) = -3*x**2 + 70*x - 12. Let n be a(23). What is the highest common divisor of g and n?
11
Let n(m) = m**2 - 7*m + 4. Let i be n(7). Suppose i*w - 92 = -c + 259, 4*w = -2*c + 350. Let d = 23 - 12. Calculate the greatest common divisor of w and d.
11
Suppose 3*w + 0*w + 6 = 0. Let a be (0 - (-2)/(-4))*w. Let r(v) = v + 10. Let i be r(-5). What is the highest common factor of i and a?
1
Suppose -2*z - 9 = -2*i + 1, 4*z - 40 = -2*i. Calculate the greatest common factor of 15 and i.
5
Let y(i) = -i**2 + i + 22. Let w be y(0). Let c = 4 - 2. Suppose 226 = 4*q - 0*f - 2*f, -2*q = c*f - 104. Calculate the highest common divisor of w and q.
11
Suppose 0 = m + 4*b - 46, 3*m + 5*b - 228 = -m. Calculate the highest common divisor of m and 31.
31
Let w = 7 - 3. Suppose 12 = -3*x + w*x. Let i = 21 - x. What is the greatest common divisor of i and 9?
9
Let b(k) = -9*k - 3. Let d be b(-2). Suppose 12 = 3*s, -254 - 54 = -5*z - 2*s. Calculate the greatest common factor of z and d.
15
Suppose 0 = -5*o + 17 + 3. Suppose o*n - 140 = -n. What is the highest common divisor of 7 and n?
7
Let s(x) = 12*x**2 - x - 1. Let r be s(1). Let m(n) = -35*n + 5. Let q be m(-3). Calculate the greatest common divisor of r and q.
10
Let v be -1 + (-3 + 3 - -13). Let a(u) = 2*u - 12. Let r be a(v). Calculate the highest common factor of 12 and r.
12
Let o be (0 - (3 + -2))/1. Let b be o/(-4) + (-15)/(-20). What is the highest common divisor of 5 and b?
1
Let m(o) = 1 + 0 + o**3 + 1. Let b(r) = -r - 1. Let n be b(-1). Let f be m(n). What is the greatest common factor of f and 2?
2
Let i(j) = j**3 + 5*j**2 - 5*j + 2. Suppose -4*u = 4*v + 36, 2*v - 2*u = 3*u + 10. Let b be i(v). Calculate the highest common factor of b and 9.
9
Let v = -33 - -242. Let k(u) = u**2 - 3*u - 9. Let g be k(7). Calculate the greatest common divisor of g and v.
19
Let u = -88 + 143. Calculate the highest common factor of u and 22.
11
Let k be (-12)/(-4)*-1 - -7. Suppose k*w - 14 = 22. What is the greatest common divisor of w and 45?
9
Let z(l) = 16*l + 1. Let m be z(1). What is the highest common divisor of 51 and m?
17
Let n(l) = -2*l**3 - 10*l**2 - 9*l - 15. Let a be n(-5). What is the highest common factor of 50 and a?
10
Suppose 26 - 122 = -3*p. What is the highest common divisor of 16 and p?
16
Let t(w) = -9*w. Let f(g) = -19*g + 1. Let k(c) = -2*f(c) + 5*t(c). Let b be k(-4). Calculate the greatest common divisor of b and 13.
13
Let h be 8/2 + 756/9. Calculate the greatest common factor of h and 22.
22
Let a be (-9)/(-15) + 2748/20. Calculate the greatest common factor of 92 and a.
46
Let f = 11 + -4. Let m(c) = 2*c**2 - 3*c + 9. Let z be m(6). What is the highest common factor of z and f?
7
Let d be (14/(-70))/(1/(-5)). Suppose d - 139 = -3*c. What is the highest common divisor of 69 and c?
23
Suppose 3*h - 128 = 235. Let z = 10 - 10. Suppose z = -2*n + n + 11. What is the highest common factor of h and n?
11
Let c be (2 - 38)*(-4 + -8). Let x = c + -638. Let w = -106 - x. What is the highest common factor of 40 and w?
20
Suppose d + 0*d = -3*l - 22, -3*l = -4*d - 13. Let p = d - -10. What is the greatest common factor of 27 and p?
3
Suppose -8 = -4*j + 2*j. Calculate the greatest common divisor of 68 and j.
4
Let n(k) = k**3 - 4*k + 5*k**2 + 5*k + 2*k + 3 + 0*k**3. Let t be n(-3). Let c = 200 + -128. Calculate the greatest common divisor of t and c.
12
Let t(j) = -209*j - 2. Let m be 1 + ((-16)/4 - -2). Let c be t(m). What is the greatest common factor of 23 and c?
23
Let s(d) = d**3 - 11*d**2 + 14. Let q be s(11). What is the greatest common factor of q and 42?
14
Let x be 3 - (0 + (-1)/(-1)). Suppose -7*u = -x*u - 25. Calculate the highest common divisor of 20 and u.
5
Suppose -3*q = -2 - 4. Calculate the highest common divisor of q and 6.
2
Let h(s) = s**2 - 4*s + 3. Let c be h(4). Suppose 3*m = -c + 27. What is the highest common factor of m and 72?
8
Let r = 148 - 87. Calculate the highest common divisor of r and 244.
61
Let n = 203 + -140. What is the highest common factor of n and 7?
7
Let y = 120 - 85. Let n(r) = r**2 + 11*r - 9. Let p be n(-12). Suppose 16 = 4*c - d, 5*c - 2*d - 14 - p = 0. What is the greatest common factor of c and y?
5
Let o(q) = q + 21. Let x be o(-9). Let j be (14/(-4))/(2/(-4)). Let b be 2/j + 416/14. Calculate the highest common factor of x and b.
6
Let q(s) = -s + 5. Let n be q(3). Suppose 0 = n*u - 3*d - 137, -4*u + 2*d - 250 = -8*u. What is the greatest common factor of 16 and u?
16
Let g be 3/(-1) - (1 - 4). Suppose g = -3*l + 5*l - 16. What is the highest common divisor of 2 and l?
2
Suppose 0 = -4*x + 19 + 21. Let v(h) = -h**3 - 6*h**2 - 6*h + 4. Let y be v(-6). What is the highest common factor of x and y?
10
Suppose 5*s - 227 = -27. What is the greatest common divisor of s and 70?
10
Let h be -11 + 7 + 1 + 108. Calculate the highest common divisor of 42 and h.
21
Suppose -29 = -3*a + 4*f, 0 = 3*f - 1 + 16. Suppose a*l = 5*l. Suppose l*b + 18 = 3*b. What is the highest common factor of b and 66?
6
Suppose -3*x = 2*x - 520. What is the highest common divisor of 13 and x?
13
Let u be -2 + 2 + -2 + 174. Suppose -10 = 2*j, 2*n - 43 = -j + u. What is the highest common divisor of n and 10?
10
Let j = 19 - 16. Let f be 1 + j/(-1) - -8. Calculate the highest common factor of f and 15.
3
Let u(d) = 2*d**2 - 6*d - 3. Let t be u(6). Calculate the highest common factor of 11 and t.
11
Let p be (18/(-12))/(1/(-2)). Let g = 10 - 17. Let u(i) = i**2 + 6*i - 1. Let t be u(g). What is the highest common divisor of t and p?
3
Suppose -50 = -a + 5*r, 3*a - 5*r - 170 = -0*a. What is the greatest common factor of a and 15?
15
Let q be (-8 + -22)*(-8)/3. What is the greatest common divisor of q and 20?
20
Let m be (-4)/(-10) + 168/5. Let d = 12 + -8. Suppose 24 - 92 = -d*s. What is the highest common divisor of s and m?
17
Suppose -2*u = 3*p - 16, u + 0 = 4*p - 3. Let q be 9*u*4/10. Let w be ((-3)/(-9))/(2/q). What is the highest common factor of w and 24?
3
Let c(s) = s + 2 + 4 - 4 - s**2. Let z be c(0). Suppose z*d + 0 - 18 = 0. Calculate the highest common divisor of d and 18.
9
Suppose 0 = 2*g - 43 - 1. Calculate the greatest common divisor of 66 and g.
22
Let g(f) = -f**2 + 11*f - 10. Let m be g(6). What is the highest common divisor of 4 and m?
4
Let x(v) = v - 8. Let r be x(6). Let o = r - -56. What is the greatest common factor of 6 and o?
6
Suppose -4*b = -4*n - 153 - 31, 2*b = 5*n + 104. Let y = b + -16. Calculate the highest common factor of 26 and y.
26
Let m(b) = b**3 + b + 95. Let d be m(0). Suppose -3*i + 4*z + 106 = 0, -4*z - 144 = -6*i + 2*i. Calculate the greatest common divisor of d and i.
19
Let h be 418/4*6*1. What is the highest common factor of 57 and h?
57
Suppose 2*y = 2*t - 12, -y - 24 = 4*t - 63. Calculate the highest common factor of t and 144.
9
Let y be 0 - 1/(1/(-42)). Let s = 70 - y. Suppose -7*j + 2*j + 20 = 0. Calculate the greatest common factor of j and s.
4
Suppose 2*d = -s - 0*d + 7, 0 = -3*s + 3*d + 66. What is the greatest common divisor of s and 51?
17
Let o be (-2)/(-7) + (-3125)/35. Let x = o + 133. What is the highest common divisor of x and 4?
4
Let o be (-5)/20*4/(-1). Let p be 0 + (1 + -1 - o). Let q be 1/(p + 165/162). What is the highest common factor of q and 18?
18
Let r be -25*(1 + 219/(-15)). Suppose q + 555 = 5*u, 2*q = -3*u + 4*q + r. Suppose -u = -5*h + 10.